**2 - 4*d + 3. Determine g(y).
-13
Suppose 2*r = -g + 5, -4*r + 2*g + 4 = -r. Let o(n) = -1 - 6*n + r*n + 3*n**2 - n**3 - 1 + 3*n. Let x be o(2). Let w(k) = k**3 - k**2 - k - 7. Give w(x).
-7
Let u = 2 - -1. Let t(y) = -2 + y**2 + 7*y**u + y + 3 - 4*y**3. Let c(s) = -s**2 - 4*s + 44. Let r be c(5). Calculate t(r).
-2
Suppose -11 = 7*l - 25. Let z(q) = -53*q + 20*q + 5 - 2 + q**l + 25*q. What is z(8)?
3
Let p(r) = 12*r**2 - 17*r - 11. Let s(u) = 4*u**2 - 5*u - 3. Let m(a) = 2*p(a) - 7*s(a). Calculate m(-1).
-6
Let a(t) = -14*t - 1. Let d(u) = u**3 - 12*u**2 - 12*u - 9. Let m be d(13). Suppose 5*g - 4*v + 9 = -0*v, -g = -3*v + m. What is a(g)?
13
Suppose -k + 10 = 6. Suppose -k*u + 34 - 38 = 0. Let z(s) = 5*s**3 + 2*s**2 + 2*s + 1. What is z(u)?
-4
Suppose 0 = -7*u + 850 + 1103. Let w be 2/11 + u/99. Let l(p) = -2*p - 2. What is l(w)?
-8
Let b(d) = 12*d - 108. Let k be b(9). Let w(x) = -2*x**2 - x + 5. Let z(f) = -3*f**2 - f + 6. Let o(v) = -4*w(v) + 3*z(v). What is o(k)?
-2
Suppose -65 = 13*s - 26*s. Let r(h) = h**2 - 6*h + 1. Determine r(s).
-4
Suppose 2*u + 0 - 6 = 0. Let l = 88 + -86. Let d(w) = -172*w + 2*w**l - 166*w + 4 + 333*w. Give d(u).
7
Suppose -66*f + 871 - 79 = 0. Let l(n) be the first derivative of 7/2*n**2 - 2*n + f. What is l(2)?
12
Let y(m) = 11*m**3 + 4*m**2 + 2*m - 3. Let t = 14 - 12. Let d(o) = o - 4 - 18*o**3 + 2 + 25*o**3 + 3*o**t. Let u(h) = -8*d(h) + 5*y(h). Calculate u(-4).
-7
Let a(n) = -11*n**3 + 8*n**2 - 2. Let s(m) = -2*m**3 - m. Let u(c) = a(c) - 6*s(c). Give u(-7).
5
Let n(q) be the first derivative of -q**2/2 + 3*q + 1. Let z(d) = -1. Suppose 6*w - 3*w = 3. Let k(j) = w*n(j) - 6*z(j). Calculate k(0).
9
Let v(d) = 24*d**2 + 10*d + 5. Let s(i) = 17*i**2 + 7*i + 4. Let y(p) = -7*s(p) + 5*v(p). Let b(h) = -h - 3. Let t be b(-3). Calculate y(t).
-3
Let t(x) = -2 + 177*x**3 + 9*x**2 - 176*x**3 + 10 + 12*x - 2*x + 0. Determine t(-8).
-8
Let w(p) = -5*p. Let i be (-2 + 4)/(16/(-88)). Let f = i - -16. Suppose 3*l = -3*d - 0 - 3, f*d + 6 = -4*l. What is w(l)?
-5
Let l(u) = 124 - 251 + 123 + 6*u. Determine l(7).
38
Let i(w) = -81*w**3 + 30*w**3 + w + 4*w**2 + 50*w**3. Let v = -2 - -6. Determine i(v).
4
Let d(w) = 8*w**3 + 4*w**2 - 37*w - 1. Let b(g) = -3*g**3 - g**2 + 13*g. Let a(n) = -11*b(n) - 4*d(n). Give a(4).
8
Let i be 1/2 - 22/(-4). Let p(c) = c - 2*c - 1 - i. Let r(l) = 310*l - 2176. Let v be r(7). Give p(v).
-1
Let n(c) = -152*c - 56. Let v(r) = 8*r + 173 - 90 - 80. Let h(j) = 3*n(j) + 56*v(j). Calculate h(2).
-16
Let q(a) = -3*a + 4*a**2 - a + 5 + 10 - 6 + 2*a**3. Let t(v) = -5*v**3 - 13*v**2 + 11*v - 26. Let b(w) = 8*q(w) + 3*t(w). Give b(7).
1
Suppose 4*a + 0 = -68. Let o(i) = -i**2 - 17*i + 1. Calculate o(a).
1
Let p be -1*(-2)/(-4)*-8. Let u(j) = 38 - 149 + 36 + 38 + 2*j + 33. Determine u(p).
4
Let d(a) = -a**3 + 4*a**2 - a + 12. Suppose -71*t - 24 = -77*t. Determine d(t).
8
Let p = 57 - 59. Let w(y) = -y + 6. Let i be w(p). Let n(x) = 2*x - 12. Give n(i).
4
Let g(u) = 5*u + 1. Let t(o) = -o + 1. Let k be 15/(-10)*((-2)/3 + 0). Let f(v) = k*g(v) + 6*t(v). Determine f(11).
-4
Let d(c) = -c**2 - 7*c. Let r(p) = -6*p. Let h be r(1). Let b be d(h). Let l(j) = -j**3 + 5*j**2 + 4*j - 6. Determine l(b).
-18
Let g(c) = 47 + 11 - 18 + c. Calculate g(0).
40
Let z(o) be the second derivative of o**4/4 - o**3 - 7*o**2/2 - 205*o. Determine z(-2).
17
Suppose 2*h = -0*h + 6. Suppose 3*d - 12 = h*p, -3*d = -p - 7 + 1. Let c(l) = 7*l - 1. Calculate c(d).
6
Let f(s) be the third derivative of -s**5/60 + 5*s**4/24 - 2*s**3/3 + 3*s**2 + s. Suppose 3*j = -j + 60. Let t be 4/10 + 69/j. What is f(t)?
-4
Let g(k) = k**3 - 21*k**2 + 41*k - 53. Let f be g(19). Let m(y) = y - 4. Determine m(f).
0
Let m(a) = 4*a**2 - 3*a + 1. Let k(o) = -5*o**2 + 3*o - 2. Let d = -56 + 60. Let g(v) = d*m(v) + 3*k(v). What is g(4)?
2
Let k = -501 - -499. Let n(j) = 0*j - 2 + 2 + j + 3. Give n(k).
1
Let n(v) = -6*v**3 + v**2 + 3*v + 3. Let g(b) = -12*b**3 + 3*b**2 + 7*b + 7. Suppose 5 = -3*w - 2*w, 4*j - 2*w = -18. Let r(l) = j*n(l) + 2*g(l). Give r(-1).
-5
Let f(u) = u**3 - 3*u**2 - 2. Let t be f(2). Let x = 8 + t. Suppose 0 = 5*j - l - 0*l - 18, -x*j + 3*l = -2. Let k(m) = 2*m - 3. Determine k(j).
5
Suppose 4*q - 3*q = -2, -4*t + 38 = q. Let o(z) = z - 7. What is o(t)?
3
Let k(n) = -n**2 + 4*n. Let l be k(4). Let y(t) = 0*t + 2*t + l*t. Calculate y(-3).
-6
Let n(v) be the third derivative of v**7/840 + v**6/120 + v**5/40 - v**4/12 + 5*v**3/2 - 13*v**2. Let g(b) be the first derivative of n(b). Give g(-3).
-11
Let o(v) = v. Let c(r) = 4 - 1 - 34*r**2 + r**3 + 30*r**2 + 2*r. Let u be c(3). Suppose u*i = -4*a + 2*i + 10, i = a - 5. Give o(a).
0
Suppose 2*a + 4 = 14. Suppose -a*b = 15, -b = -4*z + 2*b + 21. Let f(y) = -2*y + y**2 + z + 2*y + 4*y. What is f(-3)?
0
Let w(g) be the second derivative of -g**4/8 - g**3/6 - 3*g**2 - 11*g. Let m(p) be the first derivative of w(p). Calculate m(-1).
2
Let d be (-4)/((-2)/8*-2). Let k(c) = c**3 + 7*c**2 - 10*c - 10. Let j be k(d). Let o(g) = 8*g + 7. Let v(i) = -6*i - 7. Let b(f) = 4*o(f) + 5*v(f). Give b(j).
5
Let o(y) = -193*y - 17. Let r(x) = -103*x - 9. Let m(w) = -8*o(w) + 15*r(w). Let a(p) = p**2 - 6*p + 6. Let s be a(6). What is m(s)?
-5
Let l(v) = -v**2 + 2*v - 3. Let n(y) = -y**2 + 7*y + 21. Let g(z) = z - 2. Let q be g(11). Let r be n(q). Determine l(r).
-6
Suppose -8*v = -5*v - 7*v. Let c(y) be the second derivative of 4*y**2 - 1/6*y**3 + v - 5*y. What is c(5)?
3
Let n(h) be the second derivative of h**5/60 - h**4/8 + 11*h**3/6 - 17*h. Let o(s) be the second derivative of n(s). What is o(6)?
9
Let q be 4 - (6 - 1) - -9. Let i(u) = 2*u - 20. Calculate i(q).
-4
Let u(x) = x**3 + 4*x**2 - x. Suppose -8*o - 65 = 5*o. Give u(o).
-20
Let s(r) be the second derivative of r**3/6 - 11*r**2/2 + 251*r. Calculate s(-10).
-21
Let g(a) = a**3 + a**2 - 2*a - 1. Let q = -5 - 0. Let s(h) = 3*h + 12. Let n be s(q). Let v = 5 + n. Calculate g(v).
7
Let p(z) = 12*z - 4 - 2 - 7*z - 10*z. Give p(-4).
14
Let h(c) = -2 - 19*c + 4*c + 0 + 0 + 20*c. Give h(-2).
-12
Let u(t) = 1 + t + 0 + 0. Let d(c) be the first derivative of c**2 + c - 204. Let q(i) = 3*d(i) - 5*u(i). Determine q(-5).
-7
Let s(l) = 2*l + 0 + 3 + 1 - 3. Let a = 2 + 0. Determine s(a).
5
Let r(x) be the third derivative of -x**4/24 + 5*x**3/6 + 2*x**2. Let c(k) = 2*k**2 + 1 - 16*k + 14*k - k**2. Let s be c(1). Calculate r(s).
5
Let v = 3 - -1. Let n(b) be the first derivative of b - 3 - 1/2*b**2. What is n(v)?
-3
Suppose -3*l - q + 14 = 0, q - 20 = -3*q. Suppose -3*w + w + 4 = 0. Let a(p) = -2*p**2 - 2*p + 4*p**w + p**2 + 2 - 2*p**2. Calculate a(l).
5
Let q(y) = -24*y. Let g be q(-3). Let k(t) = -t + 72 - g. Let d(s) = 3*s + 1. Let m be d(-2). Calculate k(m).
5
Suppose -2*c + 5*c + 15 = 0. Let x be 10/c*10/4. Let a(j) = j**2 + 4*j - 5. What is a(x)?
0
Let s(h) = -2*h - 1. Let y(b) be the first derivative of -b**2 - b + 17. Let o be y(-1). Determine s(o).
-3
Let c(r) = r**3 + 7*r**2 + 2*r + 7. Let q(u) = -9*u - 17. Let b be q(-5). Suppose b = -4*k - 0. Calculate c(k).
-7
Let k(s) be the third derivative of s**8/20160 + 23*s**6/720 - s**5/10 + 22*s**2. Let f(x) be the third derivative of k(x). What is f(0)?
23
Let j(r) = r**3 - 3*r**2 - 3*r + 2. Let n = -384 + 377. Suppose -i - 5 - 5 = 0. Let o = n - i. Give j(o).
-7
Let g(y) = -y**2 + 12*y + 20. Let n be (21/15 - 4)*(-32 - -27). Give g(n).
7
Let v = 60 + -64. Let j(s) be the first derivative of -1 - 3/2*s**2 - 6*s. Calculate j(v).
6
Let p(a) = -308*a - 303*a - 1 + 606*a. What is p(-1)?
4
Let f(k) = 9*k + 79. Let o(j) = 8*j + 75. Let l(v) = -5*f(v) + 6*o(v). What is l(-17)?
4
Let o(a) be the second derivative of a**5/20 + a**4/12 - a**3/6 - 2*a**2 - 124*a. Let n(y) = -y - 10. Let l be n(-7). Let h = -3 - l. Give o(h).
-4
Let f(z) = z + 1. Let b(i) = -7*i - 5 + 10*i + 3 + 9. Let h(c) = b(c) - 6*f(c). Determine h(-1).
4
Let b be (-16)/(-6) - 2/3. Let q be 444/45 - 2 - (-14)/105. Let p(i) = -i**2 - 3*i - 2*i + 8 + q*i - 9. Calculate p(b).
1
Let b(s) be the first derivative of s**3/3 + 3*s**2/2 - s - 2. Suppose -7*a = -5*a + 6. Give b(a).
-1
Let i(c) be the third derivative of c**6/360 - c**5/60 - c**4/8 + 2*c**3 - 6*c**2. Let w(m) be the first derivative of i(m). Give w(5).
12
Let z(u) be the first derivative of -u**3